{"id":537,"date":"2024-07-02T08:43:20","date_gmt":"2024-07-02T06:43:20","guid":{"rendered":"https:\/\/www.wundervolleben.at\/?post_type=packages&#038;p=537"},"modified":"2026-02-11T11:02:57","modified_gmt":"2026-02-11T10:02:57","slug":"sommer-de-luxe-auf-der-weide","status":"publish","type":"packages","link":"https:\/\/www.wundervolleben.at\/en\/packages\/sommer-de-luxe-auf-der-weide\/","title":{"rendered":"SOMMER DE LUXE AUF DER WEIDE"},"content":{"rendered":"\n<p class=\"has-text-align-center\">Was gibt es Sch\u00f6neres als den <strong>Sommer<\/strong> in vollen Z\u00fcgen zu <strong>genie\u00dfen<\/strong>? <strong>Sonne<\/strong> &amp; <strong>Natur<\/strong>, <strong>Ruhe<\/strong> &amp; <strong>Entspannung<\/strong>, <strong>Aktivit\u00e4ten<\/strong> &amp; <strong>Erlebnisse<\/strong>?<\/p>\n\n\n\n<p class=\"has-text-align-center\">Nichts leichter als das \u2013 das <strong>Chalet Weidehaus de luxe<\/strong> mit seinem <strong>einzigartigen Standort<\/strong> bietet f\u00fcr all das <strong>vielf\u00e4ltige M\u00f6glichkeiten<\/strong>!<\/p>\n\n\n\n<p class=\"has-text-align-center\">Lassen Sie es sich so richtig <strong>gut gehen<\/strong> und <strong>genie\u00dfen<\/strong> Sie w\u00e4hrend Ihres Aufenthaltes an einem Tag Ihrer Wahl ein <strong>wundervolles Picknick<\/strong>.<\/p>\n\n\n\n<p class=\"has-text-align-center\">Wir bereiten f\u00fcr Sie einen vielf\u00e4ltig <strong>gef\u00fcllten Picknickkorb<\/strong> mit verschiedensten <strong>Schmankerln<\/strong> vor, mit dem Sie entweder in der Umgebung ein <strong>romantisches Pl\u00e4tzchen<\/strong> suchen oder es sich auch gleich direkt auf der <strong>Terrasse<\/strong> des Weidehauses <strong>gem\u00fctlich machen<\/strong> und<strong> einfach genie\u00dfen<\/strong>.<\/p>\n\n\n\n<h2 class=\"wp-block-heading has-text-align-center\">Im Package inkludiert:<\/h2>\n\n\n\n<ul class=\"wp-block-list\">\n<li><strong>6 wundervolle \u00dcbernachtungen<\/strong> f\u00fcr 2 Personen im <strong>Chalet Weidehaus de luxe<\/strong> <br>(inkl. Ortstaxe &amp; Reinigungspauschale)<\/li>\n\n\n\n<li>Vielf\u00e4ltig <strong>gef\u00fcllter Picknickkorb<\/strong> mit verschiedensten <strong>Schmankerln<\/strong><\/li>\n\n\n\n<li><strong>Picknickdecke<\/strong> \u2013 f\u00fcr Sie zum Mitnehmen als kleine Erinnerung<\/li>\n<\/ul>\n\n\n\n<p class=\"has-text-align-center\"><strong>Weitere Inklusivleistungen<\/strong> siehe Detailseite des jeweiligen Chalets.<\/p>\n\n\n\n<p class=\"has-text-align-center\"><strong>Preis: <\/strong>\u20ac 2.700,-<\/p>\n","protected":false},"excerpt":{"rendered":"<p>Sommer, Sonne &#038; ein herrliches Picknick in der Natur.<\/p>\n","protected":false},"featured_media":544,"template":"","class_list":["post-537","packages","type-packages","status-publish","has-post-thumbnail","hentry"],"acf":[],"yoast_head":"<!-- This site is optimized with the Yoast SEO plugin v24.7 - https:\/\/yoast.com\/wordpress\/plugins\/seo\/ -->\n<title>SOMMER DE LUXE AUF DER WEIDE - WundervollEben<\/title>\n<meta name=\"robots\" content=\"index, follow, max-snippet:-1, max-image-preview:large, max-video-preview:-1\" \/>\n<link rel=\"canonical\" href=\"https:\/\/www.wundervolleben.at\/en\/packages\/sommer-de-luxe-auf-der-weide\/\" \/>\n<meta property=\"og:locale\" content=\"en_GB\" \/>\n<meta property=\"og:type\" content=\"article\" \/>\n<meta property=\"og:title\" content=\"SOMMER DE LUXE AUF DER WEIDE - WundervollEben\" \/>\n<meta property=\"og:description\" content=\"Sommer, Sonne &amp; ein herrliches Picknick in der Natur.\" \/>\n<meta property=\"og:url\" content=\"https:\/\/www.wundervolleben.at\/en\/packages\/sommer-de-luxe-auf-der-weide\/\" \/>\n<meta property=\"og:site_name\" content=\"WundervollEben\" \/>\n<meta property=\"article:modified_time\" content=\"2026-02-11T10:02:57+00:00\" \/>\n<meta property=\"og:image\" content=\"https:\/\/www.wundervolleben.at\/wp-content\/uploads\/2024\/07\/sommer-de-luxe-auf-der-weide-1-scaled.jpg\" \/>\n\t<meta property=\"og:image:width\" content=\"2048\" \/>\n\t<meta property=\"og:image:height\" content=\"1366\" \/>\n\t<meta property=\"og:image:type\" content=\"image\/jpeg\" \/>\n<meta name=\"twitter:card\" content=\"summary_large_image\" \/>\n<meta name=\"twitter:label1\" content=\"Estimated reading time\" \/>\n\t<meta name=\"twitter:data1\" content=\"1 minute\" \/>\n<script type=\"application\/ld+json\" class=\"yoast-schema-graph\">{\"@context\":\"https:\/\/schema.org\",\"@graph\":[{\"@type\":\"WebPage\",\"@id\":\"https:\/\/www.wundervolleben.at\/packages\/sommer-de-luxe-auf-der-weide\/\",\"url\":\"https:\/\/www.wundervolleben.at\/packages\/sommer-de-luxe-auf-der-weide\/\",\"name\":\"SOMMER DE LUXE AUF DER WEIDE - WundervollEben\",\"isPartOf\":{\"@id\":\"https:\/\/www.wundervolleben.at\/#website\"},\"primaryImageOfPage\":{\"@id\":\"https:\/\/www.wundervolleben.at\/packages\/sommer-de-luxe-auf-der-weide\/#primaryimage\"},\"image\":{\"@id\":\"https:\/\/www.wundervolleben.at\/packages\/sommer-de-luxe-auf-der-weide\/#primaryimage\"},\"thumbnailUrl\":\"https:\/\/www.wundervolleben.at\/wp-content\/uploads\/2024\/07\/sommer-de-luxe-auf-der-weide-1-scaled.jpg\",\"datePublished\":\"2024-07-02T06:43:20+00:00\",\"dateModified\":\"2026-02-11T10:02:57+00:00\",\"breadcrumb\":{\"@id\":\"https:\/\/www.wundervolleben.at\/packages\/sommer-de-luxe-auf-der-weide\/#breadcrumb\"},\"inLanguage\":\"en-GB\",\"potentialAction\":[{\"@type\":\"ReadAction\",\"target\":[\"https:\/\/www.wundervolleben.at\/packages\/sommer-de-luxe-auf-der-weide\/\"]}]},{\"@type\":\"ImageObject\",\"inLanguage\":\"en-GB\",\"@id\":\"https:\/\/www.wundervolleben.at\/packages\/sommer-de-luxe-auf-der-weide\/#primaryimage\",\"url\":\"https:\/\/www.wundervolleben.at\/wp-content\/uploads\/2024\/07\/sommer-de-luxe-auf-der-weide-1-scaled.jpg\",\"contentUrl\":\"https:\/\/www.wundervolleben.at\/wp-content\/uploads\/2024\/07\/sommer-de-luxe-auf-der-weide-1-scaled.jpg\",\"width\":2048,\"height\":1366},{\"@type\":\"BreadcrumbList\",\"@id\":\"https:\/\/www.wundervolleben.at\/packages\/sommer-de-luxe-auf-der-weide\/#breadcrumb\",\"itemListElement\":[{\"@type\":\"ListItem\",\"position\":1,\"name\":\"Startseite\",\"item\":\"https:\/\/www.wundervolleben.at\/\"},{\"@type\":\"ListItem\",\"position\":2,\"name\":\"SOMMER DE LUXE AUF DER WEIDE\"}]},{\"@type\":\"WebSite\",\"@id\":\"https:\/\/www.wundervolleben.at\/#website\",\"url\":\"https:\/\/www.wundervolleben.at\/\",\"name\":\"WundervollEben\",\"description\":\"\",\"potentialAction\":[{\"@type\":\"SearchAction\",\"target\":{\"@type\":\"EntryPoint\",\"urlTemplate\":\"https:\/\/www.wundervolleben.at\/?s={search_term_string}\"},\"query-input\":{\"@type\":\"PropertyValueSpecification\",\"valueRequired\":true,\"valueName\":\"search_term_string\"}}],\"inLanguage\":\"en-GB\"}]}<\/script>\n<!-- \/ Yoast SEO plugin. -->","yoast_head_json":{"title":"SOMMER DE LUXE AUF DER WEIDE - WundervollEben","robots":{"index":"index","follow":"follow","max-snippet":"max-snippet:-1","max-image-preview":"max-image-preview:large","max-video-preview":"max-video-preview:-1"},"canonical":"https:\/\/www.wundervolleben.at\/en\/packages\/sommer-de-luxe-auf-der-weide\/","og_locale":"en_GB","og_type":"article","og_title":"SOMMER DE LUXE AUF DER WEIDE - WundervollEben","og_description":"Sommer, Sonne & ein herrliches Picknick in der Natur.","og_url":"https:\/\/www.wundervolleben.at\/en\/packages\/sommer-de-luxe-auf-der-weide\/","og_site_name":"WundervollEben","article_modified_time":"2026-02-11T10:02:57+00:00","og_image":[{"width":2048,"height":1366,"url":"https:\/\/www.wundervolleben.at\/wp-content\/uploads\/2024\/07\/sommer-de-luxe-auf-der-weide-1-scaled.jpg","type":"image\/jpeg"}],"twitter_card":"summary_large_image","twitter_misc":{"Estimated reading time":"1 minute"},"schema":{"@context":"https:\/\/schema.org","@graph":[{"@type":"WebPage","@id":"https:\/\/www.wundervolleben.at\/packages\/sommer-de-luxe-auf-der-weide\/","url":"https:\/\/www.wundervolleben.at\/packages\/sommer-de-luxe-auf-der-weide\/","name":"SOMMER DE LUXE AUF DER WEIDE - WundervollEben","isPartOf":{"@id":"https:\/\/www.wundervolleben.at\/#website"},"primaryImageOfPage":{"@id":"https:\/\/www.wundervolleben.at\/packages\/sommer-de-luxe-auf-der-weide\/#primaryimage"},"image":{"@id":"https:\/\/www.wundervolleben.at\/packages\/sommer-de-luxe-auf-der-weide\/#primaryimage"},"thumbnailUrl":"https:\/\/www.wundervolleben.at\/wp-content\/uploads\/2024\/07\/sommer-de-luxe-auf-der-weide-1-scaled.jpg","datePublished":"2024-07-02T06:43:20+00:00","dateModified":"2026-02-11T10:02:57+00:00","breadcrumb":{"@id":"https:\/\/www.wundervolleben.at\/packages\/sommer-de-luxe-auf-der-weide\/#breadcrumb"},"inLanguage":"en-GB","potentialAction":[{"@type":"ReadAction","target":["https:\/\/www.wundervolleben.at\/packages\/sommer-de-luxe-auf-der-weide\/"]}]},{"@type":"ImageObject","inLanguage":"en-GB","@id":"https:\/\/www.wundervolleben.at\/packages\/sommer-de-luxe-auf-der-weide\/#primaryimage","url":"https:\/\/www.wundervolleben.at\/wp-content\/uploads\/2024\/07\/sommer-de-luxe-auf-der-weide-1-scaled.jpg","contentUrl":"https:\/\/www.wundervolleben.at\/wp-content\/uploads\/2024\/07\/sommer-de-luxe-auf-der-weide-1-scaled.jpg","width":2048,"height":1366},{"@type":"BreadcrumbList","@id":"https:\/\/www.wundervolleben.at\/packages\/sommer-de-luxe-auf-der-weide\/#breadcrumb","itemListElement":[{"@type":"ListItem","position":1,"name":"Startseite","item":"https:\/\/www.wundervolleben.at\/"},{"@type":"ListItem","position":2,"name":"SOMMER DE LUXE AUF DER WEIDE"}]},{"@type":"WebSite","@id":"https:\/\/www.wundervolleben.at\/#website","url":"https:\/\/www.wundervolleben.at\/","name":"WundervollEben","description":"","potentialAction":[{"@type":"SearchAction","target":{"@type":"EntryPoint","urlTemplate":"https:\/\/www.wundervolleben.at\/?s={search_term_string}"},"query-input":{"@type":"PropertyValueSpecification","valueRequired":true,"valueName":"search_term_string"}}],"inLanguage":"en-GB"}]}},"_links":{"self":[{"href":"https:\/\/www.wundervolleben.at\/en\/wp-json\/wp\/v2\/packages\/537","targetHints":{"allow":["GET"]}}],"collection":[{"href":"https:\/\/www.wundervolleben.at\/en\/wp-json\/wp\/v2\/packages"}],"about":[{"href":"https:\/\/www.wundervolleben.at\/en\/wp-json\/wp\/v2\/types\/packages"}],"wp:featuredmedia":[{"embeddable":true,"href":"https:\/\/www.wundervolleben.at\/en\/wp-json\/wp\/v2\/media\/544"}],"wp:attachment":[{"href":"https:\/\/www.wundervolleben.at\/en\/wp-json\/wp\/v2\/media?parent=537"}],"curies":[{"name":"wp","href":"https:\/\/api.w.org\/{rel}","templated":true}]}}

<p class="has-text-align-center">Was gibt es Schöneres als den <strong>Sommer</strong> in vollen Zügen zu <strong>genießen</strong>? <strong>Sonne</strong> &amp; <strong>Natur</strong>, <strong>Ruhe</strong> &amp; <strong>Entspannung</strong>, <strong>Aktivitäten</strong> &amp; <strong>Erlebnisse</strong>?</p>



<p class="has-text-align-center">Nichts leichter als das – das <strong>Chalet Weidehaus de luxe</strong> mit seinem <strong>einzigartigen Standort</strong> bietet für all das <strong>vielfältige Möglichkeiten</strong>!</p>



<p class="has-text-align-center">Lassen Sie es sich so richtig <strong>gut gehen</strong> und <strong>genießen</strong> Sie während Ihres Aufenthaltes an einem Tag Ihrer Wahl ein <strong>wundervolles Picknick</strong>.</p>



<p class="has-text-align-center">Wir bereiten für Sie einen vielfältig <strong>gefüllten Picknickkorb</strong> mit verschiedensten <strong>Schmankerln</strong> vor, mit dem Sie entweder in der Umgebung ein <strong>romantisches Plätzchen</strong> suchen oder es sich auch gleich direkt auf der <strong>Terrasse</strong> des Weidehauses <strong>gemütlich machen</strong> und<strong> einfach genießen</strong>.</p>



<h2 class="wp-block-heading has-text-align-center">Im Package inkludiert:</h2>



<ul class="wp-block-list">
<li><strong>6 wundervolle Übernachtungen</strong> für 2 Personen im <strong>Chalet Weidehaus de luxe</strong> <br>(inkl. Ortstaxe &amp; Reinigungspauschale)</li>



<li>Vielfältig <strong>gefüllter Picknickkorb</strong> mit verschiedensten <strong>Schmankerln</strong></li>



<li><strong>Picknickdecke</strong> – für Sie zum Mitnehmen als kleine Erinnerung</li>
</ul>



<p class="has-text-align-center"><strong>Weitere Inklusivleistungen</strong> siehe Detailseite des jeweiligen Chalets.</p>



<p class="has-text-align-center"><strong>Preis: </strong>€ 2.700,-</p>
