{"id":541,"date":"2024-07-02T08:45:15","date_gmt":"2024-07-02T06:45:15","guid":{"rendered":"https:\/\/www.wundervolleben.at\/?post_type=packages&#038;p=541"},"modified":"2026-02-11T11:05:37","modified_gmt":"2026-02-11T10:05:37","slug":"auf-in-den-winter-de-luxe","status":"publish","type":"packages","link":"https:\/\/www.wundervolleben.at\/en\/packages\/auf-in-den-winter-de-luxe\/","title":{"rendered":"AUF IN DEN WINTER DE LUXE"},"content":{"rendered":"\n<p class=\"has-text-align-center\">Schneeflocken &amp; glitzernder Schnee &#8211; auch wenn es rundherum oft gar nicht danach aussieht, so versteckt sich das <strong>Weidehaus de luxe<\/strong> in einer sehr schneereichen Nische und bietet meist eine <strong>herrliche Winterlandschaft<\/strong>.<\/p>\n\n\n\n<p class=\"has-text-align-center\">G\u00f6nnen Sie sich ein paar \u201erichtige Wintertage\u201c mit <strong>romantischen Spazierg\u00e4ngen im knirschenden Schnee <\/strong>oder einer <strong>Rodelpartie direkt vor dem Haus.<\/strong><\/p>\n\n\n\n<p class=\"has-text-align-center\">Gem\u00fctliche Stunden vor dem <strong>knisternden Kamin<\/strong>, ein wohltuender <strong>Saunagang<\/strong> mit dem Blick in die Landschaft oder ein Ausklang des Tages im <strong>Whirlpool<\/strong> unter dem Sternenhimmel vereinen das Winterwonderland mit <strong>Behaglichkeit &amp; Entspannung<\/strong>.<\/p>\n\n\n\n<p class=\"has-text-align-center\">F\u00fcr die innere W\u00e4rme sorgt f\u00fcr Sie ein herzhafter, wohltuender &amp; schmackhafter <strong>Suppentopf mit frischen Kr\u00e4utern &amp; Brot<\/strong>, den wir liebevoll herrichten.<\/p>\n\n\n\n<h2 class=\"wp-block-heading has-text-align-center\"><strong>Im Package inkludiert<\/strong>:<\/h2>\n\n\n\n<ul class=\"wp-block-list\">\n<li><strong>2 wundervolle \u00dcbernachtungen<\/strong> f\u00fcr 2 Personen im Chalet Weidehaus de luxe <br>(inkl. Ortstaxe &amp; Reinigungspauschale)<\/li>\n\n\n\n<li>Zur Verf\u00fcgungstellung von einem <strong>Schlitten<\/strong><\/li>\n\n\n\n<li>Wohltuender &amp; schmackhafter <strong>Suppentopf mit frischen Kr\u00e4utern &amp; Brot<\/strong><\/li>\n<\/ul>\n\n\n\n<p class=\"has-text-align-center\"><strong>Weitere Inklusivleistungen<\/strong> siehe Detailseite des jeweiligen Chalets.<\/p>\n\n\n\n<p>\u00a0\u00a0\u00a0\u00a0\u00a0\u00a0\u00a0\u00a0\u00a0\u00a0\u00a0\u00a0\u00a0\u00a0\u00a0\u00a0\u00a0\u00a0\u00a0\u00a0\u00a0\u00a0\u00a0\u00a0\u00a0\u00a0\u00a0\u00a0\u00a0\u00a0\u00a0\u00a0\u00a0\u00a0\u00a0\u00a0\u00a0\u00a0\u00a0\u00a0\u00a0\u00a0\u00a0\u00a0\u00a0\u00a0\u00a0\u00a0\u00a0\u00a0\u00a0\u00a0\u00a0\u00a0\u00a0\u00a0\u00a0\u00a0\u00a0\u00a0\u00a0\u00a0\u00a0\u00a0\u00a0\u00a0\u00a0\u00a0\u00a0\u00a0 \u00a0\u00a0\u00a0\u00a0\u00a0\u00a0\u00a0\u00a0\u00a0\u00a0\u00a0\u00a0\u00a0\u00a0\u00a0\u00a0\u00a0\u00a0\u00a0\u00a0\u00a0\u00a0\u00a0 <strong>Preis: <\/strong>\u20ac 990,-<\/p>\n","protected":false},"excerpt":{"rendered":"<p>Winterwonderland &#038; herzhafter Suppentopf.<\/p>\n","protected":false},"featured_media":796,"template":"","class_list":["post-541","packages","type-packages","status-publish","has-post-thumbnail","hentry"],"acf":[],"yoast_head":"<!-- This site is optimized with the Yoast SEO plugin v24.7 - https:\/\/yoast.com\/wordpress\/plugins\/seo\/ -->\n<title>AUF IN DEN WINTER DE LUXE - WundervollEben<\/title>\n<meta name=\"robots\" content=\"index, follow, max-snippet:-1, max-image-preview:large, max-video-preview:-1\" \/>\n<link rel=\"canonical\" href=\"https:\/\/www.wundervolleben.at\/en\/packages\/auf-in-den-winter-de-luxe\/\" \/>\n<meta property=\"og:locale\" content=\"en_GB\" \/>\n<meta property=\"og:type\" content=\"article\" \/>\n<meta property=\"og:title\" content=\"AUF IN DEN WINTER DE LUXE - WundervollEben\" \/>\n<meta property=\"og:description\" content=\"Winterwonderland &amp; herzhafter Suppentopf.\" \/>\n<meta property=\"og:url\" content=\"https:\/\/www.wundervolleben.at\/en\/packages\/auf-in-den-winter-de-luxe\/\" \/>\n<meta property=\"og:site_name\" content=\"WundervollEben\" \/>\n<meta property=\"article:modified_time\" content=\"2026-02-11T10:05:37+00:00\" \/>\n<meta property=\"og:image\" content=\"https:\/\/www.wundervolleben.at\/wp-content\/uploads\/2024\/07\/025ae238-87cd-47d4-8832-0855bf0713ce.jpg\" \/>\n\t<meta property=\"og:image:width\" content=\"2000\" \/>\n\t<meta property=\"og:image:height\" content=\"1333\" \/>\n\t<meta property=\"og:image:type\" content=\"image\/jpeg\" \/>\n<meta name=\"twitter:card\" content=\"summary_large_image\" \/>\n<meta name=\"twitter:label1\" content=\"Estimated reading time\" \/>\n\t<meta name=\"twitter:data1\" content=\"1 minute\" \/>\n<script type=\"application\/ld+json\" class=\"yoast-schema-graph\">{\"@context\":\"https:\/\/schema.org\",\"@graph\":[{\"@type\":\"WebPage\",\"@id\":\"https:\/\/www.wundervolleben.at\/packages\/auf-in-den-winter-de-luxe\/\",\"url\":\"https:\/\/www.wundervolleben.at\/packages\/auf-in-den-winter-de-luxe\/\",\"name\":\"AUF IN DEN WINTER DE LUXE - WundervollEben\",\"isPartOf\":{\"@id\":\"https:\/\/www.wundervolleben.at\/#website\"},\"primaryImageOfPage\":{\"@id\":\"https:\/\/www.wundervolleben.at\/packages\/auf-in-den-winter-de-luxe\/#primaryimage\"},\"image\":{\"@id\":\"https:\/\/www.wundervolleben.at\/packages\/auf-in-den-winter-de-luxe\/#primaryimage\"},\"thumbnailUrl\":\"https:\/\/www.wundervolleben.at\/wp-content\/uploads\/2024\/07\/025ae238-87cd-47d4-8832-0855bf0713ce.jpg\",\"datePublished\":\"2024-07-02T06:45:15+00:00\",\"dateModified\":\"2026-02-11T10:05:37+00:00\",\"breadcrumb\":{\"@id\":\"https:\/\/www.wundervolleben.at\/packages\/auf-in-den-winter-de-luxe\/#breadcrumb\"},\"inLanguage\":\"en-GB\",\"potentialAction\":[{\"@type\":\"ReadAction\",\"target\":[\"https:\/\/www.wundervolleben.at\/packages\/auf-in-den-winter-de-luxe\/\"]}]},{\"@type\":\"ImageObject\",\"inLanguage\":\"en-GB\",\"@id\":\"https:\/\/www.wundervolleben.at\/packages\/auf-in-den-winter-de-luxe\/#primaryimage\",\"url\":\"https:\/\/www.wundervolleben.at\/wp-content\/uploads\/2024\/07\/025ae238-87cd-47d4-8832-0855bf0713ce.jpg\",\"contentUrl\":\"https:\/\/www.wundervolleben.at\/wp-content\/uploads\/2024\/07\/025ae238-87cd-47d4-8832-0855bf0713ce.jpg\",\"width\":2000,\"height\":1333},{\"@type\":\"BreadcrumbList\",\"@id\":\"https:\/\/www.wundervolleben.at\/packages\/auf-in-den-winter-de-luxe\/#breadcrumb\",\"itemListElement\":[{\"@type\":\"ListItem\",\"position\":1,\"name\":\"Startseite\",\"item\":\"https:\/\/www.wundervolleben.at\/\"},{\"@type\":\"ListItem\",\"position\":2,\"name\":\"AUF IN DEN WINTER DE LUXE\"}]},{\"@type\":\"WebSite\",\"@id\":\"https:\/\/www.wundervolleben.at\/#website\",\"url\":\"https:\/\/www.wundervolleben.at\/\",\"name\":\"WundervollEben\",\"description\":\"\",\"potentialAction\":[{\"@type\":\"SearchAction\",\"target\":{\"@type\":\"EntryPoint\",\"urlTemplate\":\"https:\/\/www.wundervolleben.at\/?s={search_term_string}\"},\"query-input\":{\"@type\":\"PropertyValueSpecification\",\"valueRequired\":true,\"valueName\":\"search_term_string\"}}],\"inLanguage\":\"en-GB\"}]}<\/script>\n<!-- \/ Yoast SEO plugin. -->","yoast_head_json":{"title":"AUF IN DEN WINTER DE LUXE - WundervollEben","robots":{"index":"index","follow":"follow","max-snippet":"max-snippet:-1","max-image-preview":"max-image-preview:large","max-video-preview":"max-video-preview:-1"},"canonical":"https:\/\/www.wundervolleben.at\/en\/packages\/auf-in-den-winter-de-luxe\/","og_locale":"en_GB","og_type":"article","og_title":"AUF IN DEN WINTER DE LUXE - WundervollEben","og_description":"Winterwonderland & herzhafter Suppentopf.","og_url":"https:\/\/www.wundervolleben.at\/en\/packages\/auf-in-den-winter-de-luxe\/","og_site_name":"WundervollEben","article_modified_time":"2026-02-11T10:05:37+00:00","og_image":[{"width":2000,"height":1333,"url":"https:\/\/www.wundervolleben.at\/wp-content\/uploads\/2024\/07\/025ae238-87cd-47d4-8832-0855bf0713ce.jpg","type":"image\/jpeg"}],"twitter_card":"summary_large_image","twitter_misc":{"Estimated reading time":"1 minute"},"schema":{"@context":"https:\/\/schema.org","@graph":[{"@type":"WebPage","@id":"https:\/\/www.wundervolleben.at\/packages\/auf-in-den-winter-de-luxe\/","url":"https:\/\/www.wundervolleben.at\/packages\/auf-in-den-winter-de-luxe\/","name":"AUF IN DEN WINTER DE LUXE - WundervollEben","isPartOf":{"@id":"https:\/\/www.wundervolleben.at\/#website"},"primaryImageOfPage":{"@id":"https:\/\/www.wundervolleben.at\/packages\/auf-in-den-winter-de-luxe\/#primaryimage"},"image":{"@id":"https:\/\/www.wundervolleben.at\/packages\/auf-in-den-winter-de-luxe\/#primaryimage"},"thumbnailUrl":"https:\/\/www.wundervolleben.at\/wp-content\/uploads\/2024\/07\/025ae238-87cd-47d4-8832-0855bf0713ce.jpg","datePublished":"2024-07-02T06:45:15+00:00","dateModified":"2026-02-11T10:05:37+00:00","breadcrumb":{"@id":"https:\/\/www.wundervolleben.at\/packages\/auf-in-den-winter-de-luxe\/#breadcrumb"},"inLanguage":"en-GB","potentialAction":[{"@type":"ReadAction","target":["https:\/\/www.wundervolleben.at\/packages\/auf-in-den-winter-de-luxe\/"]}]},{"@type":"ImageObject","inLanguage":"en-GB","@id":"https:\/\/www.wundervolleben.at\/packages\/auf-in-den-winter-de-luxe\/#primaryimage","url":"https:\/\/www.wundervolleben.at\/wp-content\/uploads\/2024\/07\/025ae238-87cd-47d4-8832-0855bf0713ce.jpg","contentUrl":"https:\/\/www.wundervolleben.at\/wp-content\/uploads\/2024\/07\/025ae238-87cd-47d4-8832-0855bf0713ce.jpg","width":2000,"height":1333},{"@type":"BreadcrumbList","@id":"https:\/\/www.wundervolleben.at\/packages\/auf-in-den-winter-de-luxe\/#breadcrumb","itemListElement":[{"@type":"ListItem","position":1,"name":"Startseite","item":"https:\/\/www.wundervolleben.at\/"},{"@type":"ListItem","position":2,"name":"AUF IN DEN WINTER DE LUXE"}]},{"@type":"WebSite","@id":"https:\/\/www.wundervolleben.at\/#website","url":"https:\/\/www.wundervolleben.at\/","name":"WundervollEben","description":"","potentialAction":[{"@type":"SearchAction","target":{"@type":"EntryPoint","urlTemplate":"https:\/\/www.wundervolleben.at\/?s={search_term_string}"},"query-input":{"@type":"PropertyValueSpecification","valueRequired":true,"valueName":"search_term_string"}}],"inLanguage":"en-GB"}]}},"_links":{"self":[{"href":"https:\/\/www.wundervolleben.at\/en\/wp-json\/wp\/v2\/packages\/541","targetHints":{"allow":["GET"]}}],"collection":[{"href":"https:\/\/www.wundervolleben.at\/en\/wp-json\/wp\/v2\/packages"}],"about":[{"href":"https:\/\/www.wundervolleben.at\/en\/wp-json\/wp\/v2\/types\/packages"}],"wp:featuredmedia":[{"embeddable":true,"href":"https:\/\/www.wundervolleben.at\/en\/wp-json\/wp\/v2\/media\/796"}],"wp:attachment":[{"href":"https:\/\/www.wundervolleben.at\/en\/wp-json\/wp\/v2\/media?parent=541"}],"curies":[{"name":"wp","href":"https:\/\/api.w.org\/{rel}","templated":true}]}}

<p class="has-text-align-center">Schneeflocken &amp; glitzernder Schnee &#8211; auch wenn es rundherum oft gar nicht danach aussieht, so versteckt sich das <strong>Weidehaus de luxe</strong> in einer sehr schneereichen Nische und bietet meist eine <strong>herrliche Winterlandschaft</strong>.</p>



<p class="has-text-align-center">Gönnen Sie sich ein paar „richtige Wintertage“ mit <strong>romantischen Spaziergängen im knirschenden Schnee </strong>oder einer <strong>Rodelpartie direkt vor dem Haus.</strong></p>



<p class="has-text-align-center">Gemütliche Stunden vor dem <strong>knisternden Kamin</strong>, ein wohltuender <strong>Saunagang</strong> mit dem Blick in die Landschaft oder ein Ausklang des Tages im <strong>Whirlpool</strong> unter dem Sternenhimmel vereinen das Winterwonderland mit <strong>Behaglichkeit &amp; Entspannung</strong>.</p>



<p class="has-text-align-center">Für die innere Wärme sorgt für Sie ein herzhafter, wohltuender &amp; schmackhafter <strong>Suppentopf mit frischen Kräutern &amp; Brot</strong>, den wir liebevoll herrichten.</p>



<h2 class="wp-block-heading has-text-align-center"><strong>Im Package inkludiert</strong>:</h2>



<ul class="wp-block-list">
<li><strong>2 wundervolle Übernachtungen</strong> für 2 Personen im Chalet Weidehaus de luxe <br>(inkl. Ortstaxe &amp; Reinigungspauschale)</li>



<li>Zur Verfügungstellung von einem <strong>Schlitten</strong></li>



<li>Wohltuender &amp; schmackhafter <strong>Suppentopf mit frischen Kräutern &amp; Brot</strong></li>
</ul>



<p class="has-text-align-center"><strong>Weitere Inklusivleistungen</strong> siehe Detailseite des jeweiligen Chalets.</p>



<p>                                                                                               <strong>Preis: </strong>€ 990,-</p>
